{"id":2,"date":"2020-11-22T14:47:39","date_gmt":"2020-11-22T14:47:39","guid":{"rendered":"http:\/\/freesigns.it\/?page_id=2"},"modified":"2025-10-20T12:25:34","modified_gmt":"2025-10-20T12:25:34","slug":"home-page","status":"publish","type":"page","link":"https:\/\/freesigns.it\/","title":{"rendered":"Home"},"content":{"rendered":"\n<div style=\"height:36px\" aria-hidden=\"true\" class=\"wp-block-spacer\"><\/div>\n\n\n\n<div class=\"alignfull\"><div id=\"metaslider-id-15\" style=\"width: 100%;\" class=\"ml-slider-3-107-0 metaslider metaslider-flex metaslider-15 ml-slider has-dots-nav ms-theme-default\" role=\"region\" aria-label=\"New Slideshow\" data-height=\"300\" data-width=\"735\">\n    <div id=\"metaslider_container_15\">\n        <div id=\"metaslider_15\">\n            <ul class='slides'>\n                <li style=\"display: block; width: 100%;\" class=\"slide-25 ms-image \" aria-roledescription=\"slide\" data-date=\"2020-11-22 15:11:23\" data-filename=\"HomePageFreeSign2-scaled.png\" data-slide-type=\"image\"><img loading=\"lazy\" decoding=\"async\" width=\"2560\" height=\"1233\" src=\"https:\/\/freesigns.it\/wp-content\/uploads\/2025\/09\/HomePageFreeSign2-scaled.png\" class=\"slider-15 slide-25 msDefaultImage\" alt=\"&nbsp;\" rel=\"\" title=\"FreeSigns Commerciale - 25 anni di esperienza operando nella zona del NordEst.\" srcset=\"https:\/\/freesigns.it\/wp-content\/uploads\/2025\/09\/HomePageFreeSign2-scaled.png 2560w, https:\/\/freesigns.it\/wp-content\/uploads\/2025\/09\/HomePageFreeSign2-300x144.png 300w, https:\/\/freesigns.it\/wp-content\/uploads\/2025\/09\/HomePageFreeSign2-1024x493.png 1024w, https:\/\/freesigns.it\/wp-content\/uploads\/2025\/09\/HomePageFreeSign2-768x370.png 768w, https:\/\/freesigns.it\/wp-content\/uploads\/2025\/09\/HomePageFreeSign2-1536x740.png 1536w, https:\/\/freesigns.it\/wp-content\/uploads\/2025\/09\/HomePageFreeSign2-2048x986.png 2048w\" sizes=\"auto, (max-width: 2560px) 100vw, 2560px\" \/><\/li>\n            <\/ul>\n        <\/div>\n        \n    <\/div>\n<\/div><\/div>\n\n\n\n<h3 class=\"wp-block-heading has-text-align-center has-white-color has-text-color has-background\" style=\"background-color:#0800fe\"><span class=\"has-inline-color has-white-color\">PRODOTTI E TECNOLOGIE PER INCISORIA, LASER, STAMPA, PUBBLICIT\u00c0, TIMBRI GADGET E PREMIAZIONI.<\/span><\/h3>\n\n\n\n<div style=\"height:30px\" aria-hidden=\"true\" class=\"wp-block-spacer\"><\/div>\n\n\n\n<div class=\"wp-block-columns are-vertically-aligned-center is-layout-flex wp-container-core-columns-is-layout-9d6595d7 wp-block-columns-is-layout-flex\">\n<div class=\"wp-block-column is-vertically-aligned-center is-layout-flow wp-block-column-is-layout-flow\">\n<p class=\"has-text-align-left\">Stefano Frison con le sue ditte di rappresentanza \u00e8 conosciuto nel settore dell&#8217;incisoria, pubblicit\u00e0 e premiazioni da 25 anni. Questa esperienza cos\u00ec lunga, maturata a costante contatto con le esigenze dei clienti e del mercato, ha fatto evolvere FreeSings in un vero e proprio Brand la cui missione \u00e8 quella di completare l&#8217;offerta delle singole aziende rappresentate, fornendo&nbsp;<strong>soluzioni su misura customizzate<\/strong>&nbsp;per andare incontro a tutte le richieste fuori catalogo.&nbsp;<\/p>\n<\/div>\n\n\n\n<div class=\"wp-block-column is-vertically-aligned-center is-layout-flow wp-block-column-is-layout-flow\">\n<figure class=\"wp-block-image size-full\"><img loading=\"lazy\" decoding=\"async\" width=\"1024\" height=\"915\" src=\"http:\/\/freesigns.it\/wp-content\/uploads\/2025\/10\/loghi-rappresentanza-1-1024x772-3.jpg\" alt=\"\" class=\"wp-image-277\" srcset=\"https:\/\/freesigns.it\/wp-content\/uploads\/2025\/10\/loghi-rappresentanza-1-1024x772-3.jpg 1024w, https:\/\/freesigns.it\/wp-content\/uploads\/2025\/10\/loghi-rappresentanza-1-1024x772-3-300x268.jpg 300w, https:\/\/freesigns.it\/wp-content\/uploads\/2025\/10\/loghi-rappresentanza-1-1024x772-3-768x686.jpg 768w\" sizes=\"auto, (max-width: 1024px) 100vw, 1024px\" \/><\/figure>\n<\/div>\n<\/div>\n\n\n\n<div style=\"height:39px\" aria-hidden=\"true\" class=\"wp-block-spacer\"><\/div>\n\n\n\n<h3 class=\"wp-block-heading has-text-align-center has-white-color has-text-color has-background\" style=\"background-color:#0800fe\">PRODUTTORI<\/h3>\n\n\n\n<div style=\"height:39px\" aria-hidden=\"true\" class=\"wp-block-spacer\"><\/div>\n\n\n\n<div class=\"wp-block-cover aligncenter is-light has-custom-content-position is-position-center-left\"><img loading=\"lazy\" decoding=\"async\" width=\"1024\" height=\"360\" class=\"wp-block-cover__image-background wp-image-257 size-large\" alt=\"\" src=\"http:\/\/freesigns.it\/wp-content\/uploads\/2025\/10\/promit-bunner-1024x360.jpg\" data-object-fit=\"cover\" srcset=\"https:\/\/freesigns.it\/wp-content\/uploads\/2025\/10\/promit-bunner-1024x360.jpg 1024w, https:\/\/freesigns.it\/wp-content\/uploads\/2025\/10\/promit-bunner-300x105.jpg 300w, https:\/\/freesigns.it\/wp-content\/uploads\/2025\/10\/promit-bunner-768x270.jpg 768w, https:\/\/freesigns.it\/wp-content\/uploads\/2025\/10\/promit-bunner-1536x540.jpg 1536w, https:\/\/freesigns.it\/wp-content\/uploads\/2025\/10\/promit-bunner-2048x720.jpg 2048w\" sizes=\"auto, (max-width: 1024px) 100vw, 1024px\" \/><span aria-hidden=\"true\" class=\"wp-block-cover__background has-background-dim\" style=\"background-color:#a7bbab\"><\/span><div class=\"wp-block-cover__inner-container is-layout-flow wp-block-cover-is-layout-flow\">\n<p class=\"has-text-align-left has-large-font-size\">Promit<\/p>\n<\/div><\/div>\n\n\n\n<div style=\"height:39px\" aria-hidden=\"true\" class=\"wp-block-spacer\"><\/div>\n\n\n\n<div class=\"wp-block-buttons is-content-justification-center is-layout-flex wp-container-core-buttons-is-layout-16018d1d wp-block-buttons-is-layout-flex\">\n<div class=\"wp-block-button\"><a class=\"wp-block-button__link has-neve-button-color-background-color has-background wp-element-button\" href=\"http:\/\/promitspa.it\" target=\"_blank\" rel=\"noreferrer noopener\">SCOPRI DI PIU&#8217;<\/a><\/div>\n<\/div>\n\n\n\n<div style=\"height:39px\" aria-hidden=\"true\" class=\"wp-block-spacer\"><\/div>\n\n\n\n<div class=\"wp-block-cover is-light\"><img loading=\"lazy\" decoding=\"async\" width=\"1800\" height=\"1200\" class=\"wp-block-cover__image-background wp-image-135\" alt=\"\" src=\"http:\/\/freesigns.it\/wp-content\/uploads\/2020\/11\/4-produzione-medaglie-trofei-ciak.jpg\" data-object-fit=\"cover\" srcset=\"https:\/\/freesigns.it\/wp-content\/uploads\/2020\/11\/4-produzione-medaglie-trofei-ciak.jpg 1800w, https:\/\/freesigns.it\/wp-content\/uploads\/2020\/11\/4-produzione-medaglie-trofei-ciak-300x200.jpg 300w, https:\/\/freesigns.it\/wp-content\/uploads\/2020\/11\/4-produzione-medaglie-trofei-ciak-1024x683.jpg 1024w, https:\/\/freesigns.it\/wp-content\/uploads\/2020\/11\/4-produzione-medaglie-trofei-ciak-768x512.jpg 768w, https:\/\/freesigns.it\/wp-content\/uploads\/2020\/11\/4-produzione-medaglie-trofei-ciak-1536x1024.jpg 1536w, https:\/\/freesigns.it\/wp-content\/uploads\/2020\/11\/4-produzione-medaglie-trofei-ciak-930x620.jpg 930w\" sizes=\"auto, (max-width: 1800px) 100vw, 1800px\" \/><span aria-hidden=\"true\" class=\"wp-block-cover__background has-background-dim\"><\/span><div class=\"wp-block-cover__inner-container is-layout-flow wp-block-cover-is-layout-flow\">\n<p class=\"has-text-align-left has-large-font-size\" style=\"\n    color: white;\n\">Ciak Targhe<\/p>\n<\/div><\/div>\n\n\n\n<div style=\"height:39px\" aria-hidden=\"true\" class=\"wp-block-spacer\"><\/div>\n\n\n\n<div class=\"wp-block-buttons is-content-justification-center is-layout-flex wp-container-core-buttons-is-layout-16018d1d wp-block-buttons-is-layout-flex\">\n<div class=\"wp-block-button\"><a class=\"wp-block-button__link has-neve-button-color-background-color has-background wp-element-button\" href=\"http:\/\/www.ciaktarghe.it\/home.html\" target=\"_blank\" rel=\"noreferrer noopener\">SCOPRI DI PIU&#8217;<\/a><\/div>\n<\/div>\n\n\n\n<div style=\"height:20px\" aria-hidden=\"true\" class=\"wp-block-spacer\"><\/div>\n\n\n\n<div class=\"wp-block-cover aligncenter has-custom-content-position is-position-center-left is-light\"><img loading=\"lazy\" decoding=\"async\" width=\"1386\" height=\"555\" class=\"wp-block-cover__image-background wp-image-137\" alt=\"\" src=\"http:\/\/freesigns.it\/wp-content\/uploads\/2020\/11\/Webp.net-resizeimage.png\" data-object-fit=\"cover\" srcset=\"https:\/\/freesigns.it\/wp-content\/uploads\/2020\/11\/Webp.net-resizeimage.png 1386w, https:\/\/freesigns.it\/wp-content\/uploads\/2020\/11\/Webp.net-resizeimage-300x120.png 300w, https:\/\/freesigns.it\/wp-content\/uploads\/2020\/11\/Webp.net-resizeimage-1024x410.png 1024w, https:\/\/freesigns.it\/wp-content\/uploads\/2020\/11\/Webp.net-resizeimage-768x308.png 768w\" sizes=\"auto, (max-width: 1386px) 100vw, 1386px\" \/><span aria-hidden=\"true\" class=\"wp-block-cover__background has-background-dim\"><\/span><div class=\"wp-block-cover__inner-container is-layout-flow wp-block-cover-is-layout-flow\">\n<p class=\"has-text-align-left has-large-font-size\" style=\"\n    color: white;\n\">MZ Italia<\/p>\n<\/div><\/div>\n\n\n\n<div style=\"height:20px\" aria-hidden=\"true\" class=\"wp-block-spacer\"><\/div>\n\n\n\n<div class=\"wp-block-buttons is-content-justification-center is-layout-flex wp-container-core-buttons-is-layout-16018d1d wp-block-buttons-is-layout-flex\">\n<div class=\"wp-block-button\"><a class=\"wp-block-button__link has-neve-button-color-background-color has-background wp-element-button\" href=\"http:\/\/www.mz-italia.com\/?gclid=CjwKCAiA2O39BRBjEiwApB2IksftNrxS78XwNPyRJVIYEuImgGF5gOJQQG8t7Y2q_FyZINXovfODsxoCAgMQAvD_BwE\" target=\"_blank\" rel=\"noreferrer noopener\">SCOPRI DI PIU&#8217;<\/a><\/div>\n<\/div>\n\n\n\n<div style=\"height:20px\" aria-hidden=\"true\" class=\"wp-block-spacer\"><\/div>\n\n\n\n<div class=\"wp-block-cover aligncenter has-custom-content-position is-position-center-left is-light\"><img loading=\"lazy\" decoding=\"async\" width=\"800\" height=\"600\" class=\"wp-block-cover__image-background wp-image-139\" alt=\"\" src=\"http:\/\/freesigns.it\/wp-content\/uploads\/2020\/11\/equipment.jpg\" data-object-fit=\"cover\" srcset=\"https:\/\/freesigns.it\/wp-content\/uploads\/2020\/11\/equipment.jpg 800w, https:\/\/freesigns.it\/wp-content\/uploads\/2020\/11\/equipment-300x225.jpg 300w, https:\/\/freesigns.it\/wp-content\/uploads\/2020\/11\/equipment-768x576.jpg 768w\" sizes=\"auto, (max-width: 800px) 100vw, 800px\" \/><span aria-hidden=\"true\" class=\"wp-block-cover__background has-background-dim\"><\/span><div class=\"wp-block-cover__inner-container is-layout-flow wp-block-cover-is-layout-flow\">\n<p class=\"has-text-align-left has-large-font-size\" style=\"\n    color: white;\n\">Laser Veronese<\/p>\n<\/div><\/div>\n\n\n\n<div style=\"height:20px\" aria-hidden=\"true\" class=\"wp-block-spacer\"><\/div>\n\n\n\n<div class=\"wp-block-buttons is-content-justification-center is-layout-flex wp-container-core-buttons-is-layout-16018d1d wp-block-buttons-is-layout-flex\">\n<div class=\"wp-block-button\"><a class=\"wp-block-button__link has-neve-button-color-background-color has-background wp-element-button\" href=\"https:\/\/www.laserveronese.net\" target=\"_blank\" rel=\"noreferrer noopener\">SCOPRI DI PIU&#8217;<\/a><\/div>\n<\/div>\n\n\n\n<div style=\"height:20px\" aria-hidden=\"true\" class=\"wp-block-spacer\"><\/div>\n\n\n\n<div class=\"wp-block-cover aligncenter has-custom-content-position is-position-center-left is-light\"><img loading=\"lazy\" decoding=\"async\" width=\"1204\" height=\"481\" class=\"wp-block-cover__image-background wp-image-141\" alt=\"\" src=\"http:\/\/freesigns.it\/wp-content\/uploads\/2020\/11\/img_8233-1-e1513243354214.jpg\" data-object-fit=\"cover\" srcset=\"https:\/\/freesigns.it\/wp-content\/uploads\/2020\/11\/img_8233-1-e1513243354214.jpg 1204w, https:\/\/freesigns.it\/wp-content\/uploads\/2020\/11\/img_8233-1-e1513243354214-300x120.jpg 300w, https:\/\/freesigns.it\/wp-content\/uploads\/2020\/11\/img_8233-1-e1513243354214-1024x409.jpg 1024w, https:\/\/freesigns.it\/wp-content\/uploads\/2020\/11\/img_8233-1-e1513243354214-768x307.jpg 768w\" sizes=\"auto, (max-width: 1204px) 100vw, 1204px\" \/><span aria-hidden=\"true\" class=\"wp-block-cover__background has-background-dim\"><\/span><div class=\"wp-block-cover__inner-container is-layout-flow wp-block-cover-is-layout-flow\">\n<p class=\"has-text-align-left has-large-font-size\" style=\"\n    color: white;\n\">Colop Timbri<\/p>\n<\/div><\/div>\n\n\n\n<div style=\"height:20px\" aria-hidden=\"true\" class=\"wp-block-spacer\"><\/div>\n\n\n\n<div class=\"wp-block-buttons is-content-justification-center is-layout-flex wp-container-core-buttons-is-layout-16018d1d wp-block-buttons-is-layout-flex\">\n<div class=\"wp-block-button\"><a class=\"wp-block-button__link has-neve-button-color-background-color has-background wp-element-button\" href=\"https:\/\/www.colop.com\/it\/\" target=\"_blank\" rel=\"noreferrer noopener\">SCOPRI DI PIU&#8217;<\/a><\/div>\n<\/div>\n\n\n\n<div style=\"height:20px\" aria-hidden=\"true\" class=\"wp-block-spacer\"><\/div>\n\n\n\n<div class=\"wp-block-cover aligncenter has-custom-content-position is-position-center-left is-light\"><img loading=\"lazy\" decoding=\"async\" width=\"1386\" height=\"555\" class=\"wp-block-cover__image-background wp-image-143\" alt=\"\" src=\"http:\/\/freesigns.it\/wp-content\/uploads\/2020\/11\/compar-slide.png\" data-object-fit=\"cover\" srcset=\"https:\/\/freesigns.it\/wp-content\/uploads\/2020\/11\/compar-slide.png 1386w, https:\/\/freesigns.it\/wp-content\/uploads\/2020\/11\/compar-slide-300x120.png 300w, https:\/\/freesigns.it\/wp-content\/uploads\/2020\/11\/compar-slide-1024x410.png 1024w, https:\/\/freesigns.it\/wp-content\/uploads\/2020\/11\/compar-slide-768x308.png 768w\" sizes=\"auto, (max-width: 1386px) 100vw, 1386px\" \/><span aria-hidden=\"true\" class=\"wp-block-cover__background has-background-dim\"><\/span><div class=\"wp-block-cover__inner-container is-layout-flow wp-block-cover-is-layout-flow\">\n<p class=\"has-text-align-left has-large-font-size\" style=\"\n    color: white;\n\">Compar Group<\/p>\n<\/div><\/div>\n\n\n\n<div style=\"height:20px\" aria-hidden=\"true\" class=\"wp-block-spacer\"><\/div>\n\n\n\n<div class=\"wp-block-buttons is-content-justification-center is-layout-flex wp-container-core-buttons-is-layout-16018d1d wp-block-buttons-is-layout-flex\">\n<div class=\"wp-block-button\"><a class=\"wp-block-button__link has-neve-button-color-background-color has-background wp-element-button\" href=\"https:\/\/www.compargroup.com\" target=\"_blank\" rel=\"noreferrer noopener\">SCOPRI DI PIU&#8217;<\/a><\/div>\n<\/div>\n\n\n\n<div style=\"height:20px\" aria-hidden=\"true\" class=\"wp-block-spacer\"><\/div>\n\n\n\n<div class=\"wp-block-cover aligncenter has-custom-content-position is-position-center-left is-light\"><img loading=\"lazy\" decoding=\"async\" width=\"1386\" height=\"555\" class=\"wp-block-cover__image-background wp-image-145\" alt=\"\" src=\"http:\/\/freesigns.it\/wp-content\/uploads\/2020\/11\/sartor-coppe.png\" data-object-fit=\"cover\" srcset=\"https:\/\/freesigns.it\/wp-content\/uploads\/2020\/11\/sartor-coppe.png 1386w, https:\/\/freesigns.it\/wp-content\/uploads\/2020\/11\/sartor-coppe-300x120.png 300w, https:\/\/freesigns.it\/wp-content\/uploads\/2020\/11\/sartor-coppe-1024x410.png 1024w, https:\/\/freesigns.it\/wp-content\/uploads\/2020\/11\/sartor-coppe-768x308.png 768w\" sizes=\"auto, (max-width: 1386px) 100vw, 1386px\" \/><span aria-hidden=\"true\" class=\"wp-block-cover__background has-background-dim\"><\/span><div class=\"wp-block-cover__inner-container is-layout-flow wp-block-cover-is-layout-flow\">\n<p class=\"has-text-align-left has-large-font-size\" style=\"\n    color: white;\n\">Sartor Coppe<\/p>\n<\/div><\/div>\n\n\n\n<div style=\"height:20px\" aria-hidden=\"true\" class=\"wp-block-spacer\"><\/div>\n\n\n\n<div class=\"wp-block-buttons is-content-justification-center is-layout-flex wp-container-core-buttons-is-layout-16018d1d wp-block-buttons-is-layout-flex\">\n<div class=\"wp-block-button\"><a class=\"wp-block-button__link has-neve-button-color-background-color has-background wp-element-button\" href=\"https:\/\/www.sartorcoppe.com\" target=\"_blank\" rel=\"noreferrer noopener\">SCOPRI DI PIU&#8217;<\/a><\/div>\n<\/div>\n\n\n\n<div style=\"height:20px\" aria-hidden=\"true\" class=\"wp-block-spacer\"><\/div>\n\n\n\n<div class=\"wp-block-cover aligncenter is-light has-custom-content-position is-position-center-left\" style=\"min-height:815px;aspect-ratio:unset;\"><img loading=\"lazy\" decoding=\"async\" width=\"1024\" height=\"710\" class=\"wp-block-cover__image-background wp-image-261 size-large\" alt=\"\" src=\"http:\/\/freesigns.it\/wp-content\/uploads\/2025\/10\/ARK-BUNNER-1024x710.jpg\" data-object-fit=\"cover\" srcset=\"https:\/\/freesigns.it\/wp-content\/uploads\/2025\/10\/ARK-BUNNER-1024x710.jpg 1024w, https:\/\/freesigns.it\/wp-content\/uploads\/2025\/10\/ARK-BUNNER-300x208.jpg 300w, https:\/\/freesigns.it\/wp-content\/uploads\/2025\/10\/ARK-BUNNER-768x532.jpg 768w, https:\/\/freesigns.it\/wp-content\/uploads\/2025\/10\/ARK-BUNNER.jpg 1418w\" sizes=\"auto, (max-width: 1024px) 100vw, 1024px\" \/><span aria-hidden=\"true\" class=\"wp-block-cover__background has-background-dim\" style=\"background-color:#c3d0da\"><\/span><div class=\"wp-block-cover__inner-container is-layout-flow wp-block-cover-is-layout-flow\">\n<p class=\"has-text-align-left has-large-font-size\">Ark Display<\/p>\n<\/div><\/div>\n\n\n\n<div style=\"height:20px\" aria-hidden=\"true\" class=\"wp-block-spacer\"><\/div>\n\n\n\n<div class=\"wp-block-buttons is-content-justification-center is-layout-flex wp-container-core-buttons-is-layout-16018d1d wp-block-buttons-is-layout-flex\">\n<div class=\"wp-block-button\"><a class=\"wp-block-button__link has-neve-button-color-background-color has-background wp-element-button\" href=\"http:\/\/arkdisplay.it\" target=\"_blank\" rel=\"noreferrer noopener\">SCOPRI DI PIU&#8217;<\/a><\/div>\n<\/div>\n\n\n\n<div style=\"height:20px\" aria-hidden=\"true\" class=\"wp-block-spacer\"><\/div>\n\n\n\n<div class=\"wp-block-cover aligncenter is-light has-custom-content-position is-position-center-left\" style=\"min-height:475px;aspect-ratio:unset;\"><img loading=\"lazy\" decoding=\"async\" width=\"1024\" height=\"411\" class=\"wp-block-cover__image-background wp-image-271 size-large\" alt=\"\" src=\"http:\/\/freesigns.it\/wp-content\/uploads\/2025\/10\/x-media-2025-10-19-205932-1024x411.jpg\" data-object-fit=\"cover\" srcset=\"https:\/\/freesigns.it\/wp-content\/uploads\/2025\/10\/x-media-2025-10-19-205932-1024x411.jpg 1024w, https:\/\/freesigns.it\/wp-content\/uploads\/2025\/10\/x-media-2025-10-19-205932-300x120.jpg 300w, https:\/\/freesigns.it\/wp-content\/uploads\/2025\/10\/x-media-2025-10-19-205932-768x308.jpg 768w, https:\/\/freesigns.it\/wp-content\/uploads\/2025\/10\/x-media-2025-10-19-205932-1536x617.jpg 1536w, https:\/\/freesigns.it\/wp-content\/uploads\/2025\/10\/x-media-2025-10-19-205932.jpg 1893w\" sizes=\"auto, (max-width: 1024px) 100vw, 1024px\" \/><span aria-hidden=\"true\" class=\"wp-block-cover__background has-background-dim\" style=\"background-color:#908e8b\"><\/span><div class=\"wp-block-cover__inner-container is-layout-flow wp-block-cover-is-layout-flow\">\n<p class=\"has-text-align-left has-large-font-size\" style=\"\n    color: white;\n\">XMEDIA<\/p>\n<\/div><\/div>\n\n\n\n<div style=\"height:20px\" aria-hidden=\"true\" class=\"wp-block-spacer\"><\/div>\n\n\n\n<div class=\"wp-block-buttons is-content-justification-center is-layout-flex wp-container-core-buttons-is-layout-16018d1d wp-block-buttons-is-layout-flex\">\n<div class=\"wp-block-button\"><a class=\"wp-block-button__link has-neve-button-color-background-color has-background wp-element-button\" href=\"https:\/\/www.xmedia-italy.com\/\" target=\"_blank\" rel=\"noreferrer noopener\">SCOPRI DI PIU&#8217;<\/a><\/div>\n<\/div>\n\n\n\n<div style=\"height:20px\" aria-hidden=\"true\" class=\"wp-block-spacer\"><\/div>\n\n\n\n<p><\/p>\n","protected":false},"excerpt":{"rendered":"<p>PRODOTTI E TECNOLOGIE PER INCISORIA, LASER, STAMPA, PUBBLICIT\u00c0, TIMBRI GADGET E PREMIAZIONI. Stefano Frison con le sue ditte di rappresentanza \u00e8 conosciuto nel settore dell&#8217;incisoria, pubblicit\u00e0 e premiazioni da 25 anni. Questa esperienza cos\u00ec lunga, maturata a costante contatto con le esigenze dei clienti e del mercato, ha fatto evolvere FreeSings in un vero e&hellip;&nbsp;<a href=\"https:\/\/freesigns.it\/\" rel=\"bookmark\">Leggi tutto &raquo;<span class=\"screen-reader-text\">Home<\/span><\/a><\/p>\n","protected":false},"author":2,"featured_media":0,"parent":0,"menu_order":0,"comment_status":"closed","ping_status":"closed","template":"","meta":{"neve_meta_sidebar":"full-width","neve_meta_container":"default","neve_meta_enable_content_width":"off","neve_meta_content_width":100,"neve_meta_title_alignment":"","neve_meta_author_avatar":"","neve_post_elements_order":"","neve_meta_disable_header":"","neve_meta_disable_footer":"","neve_meta_disable_title":"on","footnotes":""},"class_list":["post-2","page","type-page","status-publish","hentry"],"_links":{"self":[{"href":"https:\/\/freesigns.it\/index.php\/wp-json\/wp\/v2\/pages\/2","targetHints":{"allow":["GET"]}}],"collection":[{"href":"https:\/\/freesigns.it\/index.php\/wp-json\/wp\/v2\/pages"}],"about":[{"href":"https:\/\/freesigns.it\/index.php\/wp-json\/wp\/v2\/types\/page"}],"author":[{"embeddable":true,"href":"https:\/\/freesigns.it\/index.php\/wp-json\/wp\/v2\/users\/2"}],"replies":[{"embeddable":true,"href":"https:\/\/freesigns.it\/index.php\/wp-json\/wp\/v2\/comments?post=2"}],"version-history":[{"count":21,"href":"https:\/\/freesigns.it\/index.php\/wp-json\/wp\/v2\/pages\/2\/revisions"}],"predecessor-version":[{"id":279,"href":"https:\/\/freesigns.it\/index.php\/wp-json\/wp\/v2\/pages\/2\/revisions\/279"}],"wp:attachment":[{"href":"https:\/\/freesigns.it\/index.php\/wp-json\/wp\/v2\/media?parent=2"}],"curies":[{"name":"wp","href":"https:\/\/api.w.org\/{rel}","templated":true}]}}